{"id":6255,"date":"2023-03-02T22:07:22","date_gmt":"2023-03-02T21:07:22","guid":{"rendered":"https:\/\/www.lecomte-consultant.com\/attestataire-capacite\/?page_id=6255"},"modified":"2024-03-22T11:10:19","modified_gmt":"2024-03-22T10:10:19","slug":"selection-articles-attestataire-gestionnaire","status":"publish","type":"page","link":"https:\/\/www.lecomte-consultant.com\/attestataire-capacite\/mode-utilisation\/selection-articles-attestataire-gestionnaire\/","title":{"rendered":"S\u00e9lection attestataire gestionnaire"},"content":{"rendered":"<h1>S\u00e9lection attestataire gestionnaire<\/h1>\n<p><a href=\"https:\/\/www.lecomte-consultant.com\/attestataire-capacite\/annonces-gestionnaire-transport\/\" target=\"_blank\" rel=\"noopener\">Annonces gestionnaire transport<\/a><\/p>\n<p><a href=\"https:\/\/www.lecomte-consultant.com\/attestataire-capacite\/candidats-offres-emploi-transport\/\" target=\"_blank\" rel=\"noopener\">Attestataire gestionnaire m\u00e9thode pour d\u00e9p\u00f4t d&rsquo;annonces<\/a><\/p>\n<p><img data-recalc-dims=\"1\" decoding=\"async\" class=\"alignright wp-image-4063 size-medium\" title=\"attestataire gestionnaire transport\" src=\"https:\/\/i0.wp.com\/www.lecomte-consultant.com\/attestataire-capacite\/wp-content\/uploads\/2020\/06\/john-schnobrich-FlPc9_VocJ4-unsplash.jpg?resize=300%2C200&#038;ssl=1\" alt=\"S\u00e9lection des pages attestataire gestionnaire transport\" width=\"300\" height=\"200\" srcset=\"https:\/\/i0.wp.com\/www.lecomte-consultant.com\/attestataire-capacite\/wp-content\/uploads\/2020\/06\/john-schnobrich-FlPc9_VocJ4-unsplash-scaled.jpg?resize=200%2C133&amp;ssl=1 200w, https:\/\/i0.wp.com\/www.lecomte-consultant.com\/attestataire-capacite\/wp-content\/uploads\/2020\/06\/john-schnobrich-FlPc9_VocJ4-unsplash-scaled.jpg?resize=300%2C200&amp;ssl=1 300w, https:\/\/i0.wp.com\/www.lecomte-consultant.com\/attestataire-capacite\/wp-content\/uploads\/2020\/06\/john-schnobrich-FlPc9_VocJ4-unsplash-scaled.jpg?resize=400%2C267&amp;ssl=1 400w, https:\/\/i0.wp.com\/www.lecomte-consultant.com\/attestataire-capacite\/wp-content\/uploads\/2020\/06\/john-schnobrich-FlPc9_VocJ4-unsplash-scaled.jpg?resize=600%2C400&amp;ssl=1 600w, https:\/\/i0.wp.com\/www.lecomte-consultant.com\/attestataire-capacite\/wp-content\/uploads\/2020\/06\/john-schnobrich-FlPc9_VocJ4-unsplash-scaled.jpg?resize=700%2C467&amp;ssl=1 700w, https:\/\/i0.wp.com\/www.lecomte-consultant.com\/attestataire-capacite\/wp-content\/uploads\/2020\/06\/john-schnobrich-FlPc9_VocJ4-unsplash-scaled.jpg?resize=768%2C512&amp;ssl=1 768w, https:\/\/i0.wp.com\/www.lecomte-consultant.com\/attestataire-capacite\/wp-content\/uploads\/2020\/06\/john-schnobrich-FlPc9_VocJ4-unsplash-scaled.jpg?resize=800%2C533&amp;ssl=1 800w, https:\/\/i0.wp.com\/www.lecomte-consultant.com\/attestataire-capacite\/wp-content\/uploads\/2020\/06\/john-schnobrich-FlPc9_VocJ4-unsplash-scaled.jpg?resize=1024%2C683&amp;ssl=1 1024w, https:\/\/i0.wp.com\/www.lecomte-consultant.com\/attestataire-capacite\/wp-content\/uploads\/2020\/06\/john-schnobrich-FlPc9_VocJ4-unsplash-scaled.jpg?resize=1200%2C800&amp;ssl=1 1200w, https:\/\/i0.wp.com\/www.lecomte-consultant.com\/attestataire-capacite\/wp-content\/uploads\/2020\/06\/john-schnobrich-FlPc9_VocJ4-unsplash-scaled.jpg?resize=1536%2C1024&amp;ssl=1 1536w, https:\/\/i0.wp.com\/www.lecomte-consultant.com\/attestataire-capacite\/wp-content\/uploads\/2020\/06\/john-schnobrich-FlPc9_VocJ4-unsplash-scaled.jpg?w=2340&amp;ssl=1 2340w\" sizes=\"(max-width: 300px) 100vw, 300px\" \/><\/p>\n","protected":false},"excerpt":{"rendered":"<p>S\u00e9lection attestataire gestionnaire Annonces gestionnaire transport Attestataire gestionnaire m\u00e9thode pour d\u00e9p\u00f4t d&rsquo;annonces<\/p>\n","protected":false},"author":1,"featured_media":0,"parent":2094,"menu_order":3,"comment_status":"closed","ping_status":"closed","template":"","meta":{"_exactmetrics_skip_tracking":false,"_exactmetrics_sitenote_active":false,"_exactmetrics_sitenote_note":"","_exactmetrics_sitenote_category":0,"footnotes":""},"class_list":["post-6255","page","type-page","status-publish","hentry"],"yoast_head":"<!-- This site is optimized with the Yoast SEO Premium plugin v27.4 (Yoast SEO v27.4) - https:\/\/yoast.com\/product\/yoast-seo-premium-wordpress\/ -->\n<title>S\u00e9lection attestataire gestionnaire<\/title>\n<meta name=\"description\" content=\"Articles gestionnaire transport, et, articles attestataire de capacit\u00e9 transport, s\u00e9lection, informations pour gestionnnaires transport\" \/>\n<meta name=\"robots\" content=\"index, follow, max-snippet:-1, max-image-preview:large, max-video-preview:-1\" \/>\n<link rel=\"canonical\" href=\"https:\/\/www.lecomte-consultant.com\/attestataire-capacite\/mode-utilisation\/selection-articles-attestataire-gestionnaire\/\" \/>\n<meta property=\"og:locale\" content=\"fr_FR\" \/>\n<meta property=\"og:type\" content=\"article\" \/>\n<meta property=\"og:title\" content=\"Blog Transport &amp; Gestionnaire Externe | Lecomte Consultant\" \/>\n<meta property=\"og:description\" content=\"D\u00e9couvrez nos articles pratiques pour cr\u00e9er une soci\u00e9t\u00e9 de transport, devenir gestionnaire externe et r\u00e9ussir en toute l\u00e9galit\u00e9. Conseils exclusifs de Jean Joseph Lecomte.\" \/>\n<meta property=\"og:url\" content=\"https:\/\/www.lecomte-consultant.com\/attestataire-capacite\/mode-utilisation\/selection-articles-attestataire-gestionnaire\/\" \/>\n<meta property=\"og:site_name\" content=\"Lecomte Consultant Attestataire Capacit\u00e9\" \/>\n<meta property=\"article:publisher\" content=\"https:\/\/www.facebook.com\/attestatairecapacite\" \/>\n<meta property=\"article:modified_time\" content=\"2024-03-22T10:10:19+00:00\" \/>\n<meta property=\"og:image\" content=\"https:\/\/www.lecomte-consultant.com\/attestataire-capacite\/wp-content\/uploads\/2020\/06\/john-schnobrich-FlPc9_VocJ4-unsplash-300x200.jpg\" \/>\n<meta name=\"twitter:card\" content=\"summary_large_image\" \/>\n<meta name=\"twitter:site\" content=\"@Attestcapa\" \/>\n<meta name=\"twitter:label1\" content=\"Dur\u00e9e de lecture estim\u00e9e\" \/>\n\t<meta name=\"twitter:data1\" content=\"1 minute\" \/>\n<script type=\"application\/ld+json\" class=\"yoast-schema-graph\">{\"@context\":\"https:\\\/\\\/schema.org\",\"@graph\":[{\"@type\":[\"Article\",\"BlogPosting\"],\"@id\":\"https:\\\/\\\/www.lecomte-consultant.com\\\/attestataire-capacite\\\/mode-utilisation\\\/selection-articles-attestataire-gestionnaire\\\/#article\",\"isPartOf\":{\"@id\":\"https:\\\/\\\/www.lecomte-consultant.com\\\/attestataire-capacite\\\/mode-utilisation\\\/selection-articles-attestataire-gestionnaire\\\/\"},\"author\":{\"name\":\"Lecomte JJ\",\"@id\":\"http:\\\/\\\/www.lecomte-consultant.com\\\/attestataire-capacite\\\/#\\\/schema\\\/person\\\/cdaa028a52c4dde46b9490909d4e6218\"},\"headline\":\"S\u00e9lection attestataire gestionnaire\",\"datePublished\":\"2023-03-02T21:07:22+00:00\",\"dateModified\":\"2024-03-22T10:10:19+00:00\",\"mainEntityOfPage\":{\"@id\":\"https:\\\/\\\/www.lecomte-consultant.com\\\/attestataire-capacite\\\/mode-utilisation\\\/selection-articles-attestataire-gestionnaire\\\/\"},\"wordCount\":21,\"publisher\":{\"@id\":\"http:\\\/\\\/www.lecomte-consultant.com\\\/attestataire-capacite\\\/#organization\"},\"image\":{\"@id\":\"https:\\\/\\\/www.lecomte-consultant.com\\\/attestataire-capacite\\\/mode-utilisation\\\/selection-articles-attestataire-gestionnaire\\\/#primaryimage\"},\"thumbnailUrl\":\"https:\\\/\\\/www.lecomte-consultant.com\\\/attestataire-capacite\\\/wp-content\\\/uploads\\\/2020\\\/06\\\/john-schnobrich-FlPc9_VocJ4-unsplash-300x200.jpg\",\"inLanguage\":\"fr-FR\"},{\"@type\":\"WebPage\",\"@id\":\"https:\\\/\\\/www.lecomte-consultant.com\\\/attestataire-capacite\\\/mode-utilisation\\\/selection-articles-attestataire-gestionnaire\\\/\",\"url\":\"https:\\\/\\\/www.lecomte-consultant.com\\\/attestataire-capacite\\\/mode-utilisation\\\/selection-articles-attestataire-gestionnaire\\\/\",\"name\":\"S\u00e9lection attestataire gestionnaire\",\"isPartOf\":{\"@id\":\"http:\\\/\\\/www.lecomte-consultant.com\\\/attestataire-capacite\\\/#website\"},\"primaryImageOfPage\":{\"@id\":\"https:\\\/\\\/www.lecomte-consultant.com\\\/attestataire-capacite\\\/mode-utilisation\\\/selection-articles-attestataire-gestionnaire\\\/#primaryimage\"},\"image\":{\"@id\":\"https:\\\/\\\/www.lecomte-consultant.com\\\/attestataire-capacite\\\/mode-utilisation\\\/selection-articles-attestataire-gestionnaire\\\/#primaryimage\"},\"thumbnailUrl\":\"https:\\\/\\\/www.lecomte-consultant.com\\\/attestataire-capacite\\\/wp-content\\\/uploads\\\/2020\\\/06\\\/john-schnobrich-FlPc9_VocJ4-unsplash-300x200.jpg\",\"datePublished\":\"2023-03-02T21:07:22+00:00\",\"dateModified\":\"2024-03-22T10:10:19+00:00\",\"description\":\"Articles gestionnaire transport, et, articles attestataire de capacit\u00e9 transport, s\u00e9lection, informations pour gestionnnaires transport\",\"breadcrumb\":{\"@id\":\"https:\\\/\\\/www.lecomte-consultant.com\\\/attestataire-capacite\\\/mode-utilisation\\\/selection-articles-attestataire-gestionnaire\\\/#breadcrumb\"},\"inLanguage\":\"fr-FR\",\"potentialAction\":[{\"@type\":\"ReadAction\",\"target\":[\"https:\\\/\\\/www.lecomte-consultant.com\\\/attestataire-capacite\\\/mode-utilisation\\\/selection-articles-attestataire-gestionnaire\\\/\"]}]},{\"@type\":\"ImageObject\",\"inLanguage\":\"fr-FR\",\"@id\":\"https:\\\/\\\/www.lecomte-consultant.com\\\/attestataire-capacite\\\/mode-utilisation\\\/selection-articles-attestataire-gestionnaire\\\/#primaryimage\",\"url\":\"https:\\\/\\\/i0.wp.com\\\/www.lecomte-consultant.com\\\/attestataire-capacite\\\/wp-content\\\/uploads\\\/2020\\\/06\\\/john-schnobrich-FlPc9_VocJ4-unsplash-scaled.jpg?fit=2560%2C1707&ssl=1\",\"contentUrl\":\"https:\\\/\\\/i0.wp.com\\\/www.lecomte-consultant.com\\\/attestataire-capacite\\\/wp-content\\\/uploads\\\/2020\\\/06\\\/john-schnobrich-FlPc9_VocJ4-unsplash-scaled.jpg?fit=2560%2C1707&ssl=1\",\"width\":2560,\"height\":1707,\"caption\":\"Inscription DRIEAT\"},{\"@type\":\"BreadcrumbList\",\"@id\":\"https:\\\/\\\/www.lecomte-consultant.com\\\/attestataire-capacite\\\/mode-utilisation\\\/selection-articles-attestataire-gestionnaire\\\/#breadcrumb\",\"itemListElement\":[{\"@type\":\"ListItem\",\"position\":1,\"name\":\"Accueil\",\"item\":\"https:\\\/\\\/www.lecomte-consultant.com\\\/attestataire-capacite\\\/\"},{\"@type\":\"ListItem\",\"position\":2,\"name\":\"Mode utilisation, navigation\",\"item\":\"https:\\\/\\\/www.lecomte-consultant.com\\\/attestataire-capacite\\\/mode-utilisation\\\/\"},{\"@type\":\"ListItem\",\"position\":3,\"name\":\"S\u00e9lection attestataire gestionnaire\"}]},{\"@type\":\"WebSite\",\"@id\":\"http:\\\/\\\/www.lecomte-consultant.com\\\/attestataire-capacite\\\/#website\",\"url\":\"http:\\\/\\\/www.lecomte-consultant.com\\\/attestataire-capacite\\\/\",\"name\":\"Lecomte Consultant Attestataire Capacit\u00e9\",\"description\":\"Assistance : Attestataire Capacit\u00e9 Transport, Entrepreneur Transport\",\"publisher\":{\"@id\":\"http:\\\/\\\/www.lecomte-consultant.com\\\/attestataire-capacite\\\/#organization\"},\"potentialAction\":[{\"@type\":\"SearchAction\",\"target\":{\"@type\":\"EntryPoint\",\"urlTemplate\":\"http:\\\/\\\/www.lecomte-consultant.com\\\/attestataire-capacite\\\/?s={search_term_string}\"},\"query-input\":{\"@type\":\"PropertyValueSpecification\",\"valueRequired\":true,\"valueName\":\"search_term_string\"}}],\"inLanguage\":\"fr-FR\"},{\"@type\":\"Organization\",\"@id\":\"http:\\\/\\\/www.lecomte-consultant.com\\\/attestataire-capacite\\\/#organization\",\"name\":\"LECOMTE SARL\",\"url\":\"http:\\\/\\\/www.lecomte-consultant.com\\\/attestataire-capacite\\\/\",\"logo\":{\"@type\":\"ImageObject\",\"inLanguage\":\"fr-FR\",\"@id\":\"http:\\\/\\\/www.lecomte-consultant.com\\\/attestataire-capacite\\\/#\\\/schema\\\/logo\\\/image\\\/\",\"url\":\"http:\\\/\\\/www.lecomte-consultant.com\\\/attestataire-capacite\\\/wp-content\\\/uploads\\\/2021\\\/07\\\/Logo-JL-M-Coaching-fond-blanc.png\",\"contentUrl\":\"http:\\\/\\\/www.lecomte-consultant.com\\\/attestataire-capacite\\\/wp-content\\\/uploads\\\/2021\\\/07\\\/Logo-JL-M-Coaching-fond-blanc.png\",\"width\":2560,\"height\":2560,\"caption\":\"LECOMTE SARL\"},\"image\":{\"@id\":\"http:\\\/\\\/www.lecomte-consultant.com\\\/attestataire-capacite\\\/#\\\/schema\\\/logo\\\/image\\\/\"},\"sameAs\":[\"https:\\\/\\\/www.facebook.com\\\/attestatairecapacite\",\"https:\\\/\\\/x.com\\\/Attestcapa\",\"https:\\\/\\\/instagram.com\\\/attestatairecapacite\\\/\",\"http:\\\/\\\/www.linkedin.com\\\/in\\\/jeanjosephlecomte\",\"https:\\\/\\\/www.youtube.com\\\/channel\\\/UC-Gh0g6HbnYFaWf5NY8VjOw\",\"https:\\\/\\\/www.youtube.com\\\/c\\\/JeanJosephLECOMTEcoachconsultant\",\"https:\\\/\\\/www.facebook.com\\\/jeanjosephlecomte\",\"https:\\\/\\\/twitter.com\\\/jeanjolecomte\",\"https:\\\/\\\/www.instagram.com\\\/lecomtejeanjoseph\\\/\",\"https:\\\/\\\/www.instagram.com\\\/jeanjosephlecomte\\\/\"]},{\"@type\":\"Person\",\"@id\":\"http:\\\/\\\/www.lecomte-consultant.com\\\/attestataire-capacite\\\/#\\\/schema\\\/person\\\/cdaa028a52c4dde46b9490909d4e6218\",\"name\":\"Lecomte JJ\",\"image\":{\"@type\":\"ImageObject\",\"inLanguage\":\"fr-FR\",\"@id\":\"https:\\\/\\\/secure.gravatar.com\\\/avatar\\\/d2b9f7e39b6c74919907db2089087915f059d76f88bf52bd8dbc83a029a2aa60?s=96&d=mm&r=g\",\"url\":\"https:\\\/\\\/secure.gravatar.com\\\/avatar\\\/d2b9f7e39b6c74919907db2089087915f059d76f88bf52bd8dbc83a029a2aa60?s=96&d=mm&r=g\",\"contentUrl\":\"https:\\\/\\\/secure.gravatar.com\\\/avatar\\\/d2b9f7e39b6c74919907db2089087915f059d76f88bf52bd8dbc83a029a2aa60?s=96&d=mm&r=g\",\"caption\":\"Lecomte JJ\"},\"description\":\"Consultant en Management, Marketing, Transport Coach relationnel Cr\u00e9ateur d'entreprises, Web entrepreneur Manager d'entreprises, Dirigeant Transport Voyageurs, tourisme, marchandises, route, a\u00e9rien Professeur de Marketing, Institut de Chambre de Commerce et d'Industrie et \u00e0 l'AFT, Association de Formation dans les Transport Master en Management Sup\u00e9rieur de L'ICG, Institut Fran\u00e7ais de Gestion Master en Transports Publics, Universit\u00e9 de Paris XII et Tourisme La Sorbonne Nouvelle, Paris\",\"sameAs\":[\"http:\\\/\\\/www.lecomte-consultant.com\",\"https:\\\/\\\/www.facebook.com\\\/lecomtejj\",\"https:\\\/\\\/x.com\\\/attestatairecap\"],\"knowsAbout\":[\"transport\"],\"knowsLanguage\":[\"fran\u00e7ais\"]}]}<\/script>\n<!-- \/ Yoast SEO Premium plugin. -->","yoast_head_json":{"title":"S\u00e9lection attestataire gestionnaire","description":"Articles gestionnaire transport, et, articles attestataire de capacit\u00e9 transport, s\u00e9lection, informations pour gestionnnaires transport","robots":{"index":"index","follow":"follow","max-snippet":"max-snippet:-1","max-image-preview":"max-image-preview:large","max-video-preview":"max-video-preview:-1"},"canonical":"https:\/\/www.lecomte-consultant.com\/attestataire-capacite\/mode-utilisation\/selection-articles-attestataire-gestionnaire\/","og_locale":"fr_FR","og_type":"article","og_title":"Blog Transport & Gestionnaire Externe | Lecomte Consultant","og_description":"D\u00e9couvrez nos articles pratiques pour cr\u00e9er une soci\u00e9t\u00e9 de transport, devenir gestionnaire externe et r\u00e9ussir en toute l\u00e9galit\u00e9. Conseils exclusifs de Jean Joseph Lecomte.","og_url":"https:\/\/www.lecomte-consultant.com\/attestataire-capacite\/mode-utilisation\/selection-articles-attestataire-gestionnaire\/","og_site_name":"Lecomte Consultant Attestataire Capacit\u00e9","article_publisher":"https:\/\/www.facebook.com\/attestatairecapacite","article_modified_time":"2024-03-22T10:10:19+00:00","og_image":[{"url":"https:\/\/www.lecomte-consultant.com\/attestataire-capacite\/wp-content\/uploads\/2020\/06\/john-schnobrich-FlPc9_VocJ4-unsplash-300x200.jpg","type":"","width":"","height":""}],"twitter_card":"summary_large_image","twitter_site":"@Attestcapa","twitter_misc":{"Dur\u00e9e de lecture estim\u00e9e":"1 minute"},"schema":{"@context":"https:\/\/schema.org","@graph":[{"@type":["Article","BlogPosting"],"@id":"https:\/\/www.lecomte-consultant.com\/attestataire-capacite\/mode-utilisation\/selection-articles-attestataire-gestionnaire\/#article","isPartOf":{"@id":"https:\/\/www.lecomte-consultant.com\/attestataire-capacite\/mode-utilisation\/selection-articles-attestataire-gestionnaire\/"},"author":{"name":"Lecomte JJ","@id":"http:\/\/www.lecomte-consultant.com\/attestataire-capacite\/#\/schema\/person\/cdaa028a52c4dde46b9490909d4e6218"},"headline":"S\u00e9lection attestataire gestionnaire","datePublished":"2023-03-02T21:07:22+00:00","dateModified":"2024-03-22T10:10:19+00:00","mainEntityOfPage":{"@id":"https:\/\/www.lecomte-consultant.com\/attestataire-capacite\/mode-utilisation\/selection-articles-attestataire-gestionnaire\/"},"wordCount":21,"publisher":{"@id":"http:\/\/www.lecomte-consultant.com\/attestataire-capacite\/#organization"},"image":{"@id":"https:\/\/www.lecomte-consultant.com\/attestataire-capacite\/mode-utilisation\/selection-articles-attestataire-gestionnaire\/#primaryimage"},"thumbnailUrl":"https:\/\/www.lecomte-consultant.com\/attestataire-capacite\/wp-content\/uploads\/2020\/06\/john-schnobrich-FlPc9_VocJ4-unsplash-300x200.jpg","inLanguage":"fr-FR"},{"@type":"WebPage","@id":"https:\/\/www.lecomte-consultant.com\/attestataire-capacite\/mode-utilisation\/selection-articles-attestataire-gestionnaire\/","url":"https:\/\/www.lecomte-consultant.com\/attestataire-capacite\/mode-utilisation\/selection-articles-attestataire-gestionnaire\/","name":"S\u00e9lection attestataire gestionnaire","isPartOf":{"@id":"http:\/\/www.lecomte-consultant.com\/attestataire-capacite\/#website"},"primaryImageOfPage":{"@id":"https:\/\/www.lecomte-consultant.com\/attestataire-capacite\/mode-utilisation\/selection-articles-attestataire-gestionnaire\/#primaryimage"},"image":{"@id":"https:\/\/www.lecomte-consultant.com\/attestataire-capacite\/mode-utilisation\/selection-articles-attestataire-gestionnaire\/#primaryimage"},"thumbnailUrl":"https:\/\/www.lecomte-consultant.com\/attestataire-capacite\/wp-content\/uploads\/2020\/06\/john-schnobrich-FlPc9_VocJ4-unsplash-300x200.jpg","datePublished":"2023-03-02T21:07:22+00:00","dateModified":"2024-03-22T10:10:19+00:00","description":"Articles gestionnaire transport, et, articles attestataire de capacit\u00e9 transport, s\u00e9lection, informations pour gestionnnaires transport","breadcrumb":{"@id":"https:\/\/www.lecomte-consultant.com\/attestataire-capacite\/mode-utilisation\/selection-articles-attestataire-gestionnaire\/#breadcrumb"},"inLanguage":"fr-FR","potentialAction":[{"@type":"ReadAction","target":["https:\/\/www.lecomte-consultant.com\/attestataire-capacite\/mode-utilisation\/selection-articles-attestataire-gestionnaire\/"]}]},{"@type":"ImageObject","inLanguage":"fr-FR","@id":"https:\/\/www.lecomte-consultant.com\/attestataire-capacite\/mode-utilisation\/selection-articles-attestataire-gestionnaire\/#primaryimage","url":"https:\/\/i0.wp.com\/www.lecomte-consultant.com\/attestataire-capacite\/wp-content\/uploads\/2020\/06\/john-schnobrich-FlPc9_VocJ4-unsplash-scaled.jpg?fit=2560%2C1707&ssl=1","contentUrl":"https:\/\/i0.wp.com\/www.lecomte-consultant.com\/attestataire-capacite\/wp-content\/uploads\/2020\/06\/john-schnobrich-FlPc9_VocJ4-unsplash-scaled.jpg?fit=2560%2C1707&ssl=1","width":2560,"height":1707,"caption":"Inscription DRIEAT"},{"@type":"BreadcrumbList","@id":"https:\/\/www.lecomte-consultant.com\/attestataire-capacite\/mode-utilisation\/selection-articles-attestataire-gestionnaire\/#breadcrumb","itemListElement":[{"@type":"ListItem","position":1,"name":"Accueil","item":"https:\/\/www.lecomte-consultant.com\/attestataire-capacite\/"},{"@type":"ListItem","position":2,"name":"Mode utilisation, navigation","item":"https:\/\/www.lecomte-consultant.com\/attestataire-capacite\/mode-utilisation\/"},{"@type":"ListItem","position":3,"name":"S\u00e9lection attestataire gestionnaire"}]},{"@type":"WebSite","@id":"http:\/\/www.lecomte-consultant.com\/attestataire-capacite\/#website","url":"http:\/\/www.lecomte-consultant.com\/attestataire-capacite\/","name":"Lecomte Consultant Attestataire Capacit\u00e9","description":"Assistance : Attestataire Capacit\u00e9 Transport, Entrepreneur Transport","publisher":{"@id":"http:\/\/www.lecomte-consultant.com\/attestataire-capacite\/#organization"},"potentialAction":[{"@type":"SearchAction","target":{"@type":"EntryPoint","urlTemplate":"http:\/\/www.lecomte-consultant.com\/attestataire-capacite\/?s={search_term_string}"},"query-input":{"@type":"PropertyValueSpecification","valueRequired":true,"valueName":"search_term_string"}}],"inLanguage":"fr-FR"},{"@type":"Organization","@id":"http:\/\/www.lecomte-consultant.com\/attestataire-capacite\/#organization","name":"LECOMTE SARL","url":"http:\/\/www.lecomte-consultant.com\/attestataire-capacite\/","logo":{"@type":"ImageObject","inLanguage":"fr-FR","@id":"http:\/\/www.lecomte-consultant.com\/attestataire-capacite\/#\/schema\/logo\/image\/","url":"http:\/\/www.lecomte-consultant.com\/attestataire-capacite\/wp-content\/uploads\/2021\/07\/Logo-JL-M-Coaching-fond-blanc.png","contentUrl":"http:\/\/www.lecomte-consultant.com\/attestataire-capacite\/wp-content\/uploads\/2021\/07\/Logo-JL-M-Coaching-fond-blanc.png","width":2560,"height":2560,"caption":"LECOMTE SARL"},"image":{"@id":"http:\/\/www.lecomte-consultant.com\/attestataire-capacite\/#\/schema\/logo\/image\/"},"sameAs":["https:\/\/www.facebook.com\/attestatairecapacite","https:\/\/x.com\/Attestcapa","https:\/\/instagram.com\/attestatairecapacite\/","http:\/\/www.linkedin.com\/in\/jeanjosephlecomte","https:\/\/www.youtube.com\/channel\/UC-Gh0g6HbnYFaWf5NY8VjOw","https:\/\/www.youtube.com\/c\/JeanJosephLECOMTEcoachconsultant","https:\/\/www.facebook.com\/jeanjosephlecomte","https:\/\/twitter.com\/jeanjolecomte","https:\/\/www.instagram.com\/lecomtejeanjoseph\/","https:\/\/www.instagram.com\/jeanjosephlecomte\/"]},{"@type":"Person","@id":"http:\/\/www.lecomte-consultant.com\/attestataire-capacite\/#\/schema\/person\/cdaa028a52c4dde46b9490909d4e6218","name":"Lecomte JJ","image":{"@type":"ImageObject","inLanguage":"fr-FR","@id":"https:\/\/secure.gravatar.com\/avatar\/d2b9f7e39b6c74919907db2089087915f059d76f88bf52bd8dbc83a029a2aa60?s=96&d=mm&r=g","url":"https:\/\/secure.gravatar.com\/avatar\/d2b9f7e39b6c74919907db2089087915f059d76f88bf52bd8dbc83a029a2aa60?s=96&d=mm&r=g","contentUrl":"https:\/\/secure.gravatar.com\/avatar\/d2b9f7e39b6c74919907db2089087915f059d76f88bf52bd8dbc83a029a2aa60?s=96&d=mm&r=g","caption":"Lecomte JJ"},"description":"Consultant en Management, Marketing, Transport Coach relationnel Cr\u00e9ateur d'entreprises, Web entrepreneur Manager d'entreprises, Dirigeant Transport Voyageurs, tourisme, marchandises, route, a\u00e9rien Professeur de Marketing, Institut de Chambre de Commerce et d'Industrie et \u00e0 l'AFT, Association de Formation dans les Transport Master en Management Sup\u00e9rieur de L'ICG, Institut Fran\u00e7ais de Gestion Master en Transports Publics, Universit\u00e9 de Paris XII et Tourisme La Sorbonne Nouvelle, Paris","sameAs":["http:\/\/www.lecomte-consultant.com","https:\/\/www.facebook.com\/lecomtejj","https:\/\/x.com\/attestatairecap"],"knowsAbout":["transport"],"knowsLanguage":["fran\u00e7ais"]}]}},"jetpack_sharing_enabled":true,"_links":{"self":[{"href":"https:\/\/www.lecomte-consultant.com\/attestataire-capacite\/wp-json\/wp\/v2\/pages\/6255","targetHints":{"allow":["GET"]}}],"collection":[{"href":"https:\/\/www.lecomte-consultant.com\/attestataire-capacite\/wp-json\/wp\/v2\/pages"}],"about":[{"href":"https:\/\/www.lecomte-consultant.com\/attestataire-capacite\/wp-json\/wp\/v2\/types\/page"}],"author":[{"embeddable":true,"href":"https:\/\/www.lecomte-consultant.com\/attestataire-capacite\/wp-json\/wp\/v2\/users\/1"}],"replies":[{"embeddable":true,"href":"https:\/\/www.lecomte-consultant.com\/attestataire-capacite\/wp-json\/wp\/v2\/comments?post=6255"}],"version-history":[{"count":0,"href":"https:\/\/www.lecomte-consultant.com\/attestataire-capacite\/wp-json\/wp\/v2\/pages\/6255\/revisions"}],"up":[{"embeddable":true,"href":"https:\/\/www.lecomte-consultant.com\/attestataire-capacite\/wp-json\/wp\/v2\/pages\/2094"}],"wp:attachment":[{"href":"https:\/\/www.lecomte-consultant.com\/attestataire-capacite\/wp-json\/wp\/v2\/media?parent=6255"}],"curies":[{"name":"wp","href":"https:\/\/api.w.org\/{rel}","templated":true}]}}