{"id":2506,"date":"2018-12-08T17:32:05","date_gmt":"2018-12-08T16:32:05","guid":{"rendered":"http:\/\/www.lecomte-consultant.com\/attestataire-capacite\/?page_id=2506"},"modified":"2020-02-27T12:28:32","modified_gmt":"2020-02-27T11:28:32","slug":"politique-de-confidentialite","status":"publish","type":"page","link":"https:\/\/www.lecomte-consultant.com\/attestataire-capacite\/politique-de-confidentialite\/","title":{"rendered":"Politique de confidentialite"},"content":{"rendered":"<p>Bonjour,<\/p>\n<p>Je veille \u00e0 me conformer \u00e0 la loi Informatique et Libert\u00e9s ainsi qu&rsquo;au RGPD. Les donn\u00e9es qui vous concernent sont prot\u00e9g\u00e9es. Elles ne sont utilis\u00e9es que pour entretenir notre relation commerciale \u00e9thique et personnalis\u00e9e.<\/p>\n<p>Je respecte votre vie priv\u00e9e et vos donn\u00e9es ne seront jamais ni c\u00e9d\u00e9es ni revendues.<\/p>\n<p>Vous pouvez annuler le consentement que vous avez donn\u00e9 \u00e0 tout moment, soit \u00e0 m&rsquo;en faisant part directement par courriel, soit en cliquant sur le lien de d\u00e9sinscription qui figure au bas de chaque courriel que vous pouvez recevoir \u00e9manant de mes services.<\/p>\n<p>Cordialement<\/p>\n<p><strong><span style=\"color: #800000;\">Jean Joseph LECOMTE<\/span><\/strong><br \/>\n<strong><span style=\"color: #800000;\">Coach consultant<\/span><\/strong><br \/>\n<strong><span style=\"color: #800000;\">Transport, management, marketing<\/span><\/strong><\/p>\n","protected":false},"excerpt":{"rendered":"<p>Bonjour, Je veille \u00e0 me conformer \u00e0 la loi Informatique et Libert\u00e9s ainsi qu&rsquo;au RGPD. Les donn\u00e9es qui vous concernent sont prot\u00e9g\u00e9es. Elles ne sont utilis\u00e9es que pour entretenir notre relation commerciale \u00e9thique et personnalis\u00e9e. Je  [&#8230;]<\/p>\n","protected":false},"author":1,"featured_media":0,"parent":0,"menu_order":0,"comment_status":"closed","ping_status":"closed","template":"","meta":{"_exactmetrics_skip_tracking":false,"_exactmetrics_sitenote_active":false,"_exactmetrics_sitenote_note":"","_exactmetrics_sitenote_category":0,"footnotes":""},"class_list":["post-2506","page","type-page","status-publish","hentry"],"yoast_head":"<!-- This site is optimized with the Yoast SEO Premium plugin v27.4 (Yoast SEO v27.4) - https:\/\/yoast.com\/product\/yoast-seo-premium-wordpress\/ -->\n<title>Politique de confidentialite Politique de confidentialite<\/title>\n<meta name=\"description\" content=\"Polique de confidentialit\u00e9: respect de la loi Informatique et libert\u00e9 ainsi que conformit\u00e9 au RGPD, d\u00e9sinscription possible \u00e0 tout moment\" \/>\n<meta name=\"robots\" content=\"index, follow, max-snippet:-1, max-image-preview:large, max-video-preview:-1\" \/>\n<link rel=\"canonical\" href=\"https:\/\/www.lecomte-consultant.com\/attestataire-capacite\/politique-de-confidentialite\/\" \/>\n<meta property=\"og:locale\" content=\"fr_FR\" \/>\n<meta property=\"og:type\" content=\"article\" \/>\n<meta property=\"og:title\" content=\"Blog Transport &amp; Gestionnaire Externe | Lecomte Consultant\" \/>\n<meta property=\"og:description\" content=\"D\u00e9couvrez nos articles pratiques pour cr\u00e9er une soci\u00e9t\u00e9 de transport, devenir gestionnaire externe et r\u00e9ussir en toute l\u00e9galit\u00e9. Conseils exclusifs de Jean Joseph Lecomte.\" \/>\n<meta property=\"og:url\" content=\"https:\/\/www.lecomte-consultant.com\/attestataire-capacite\/politique-de-confidentialite\/\" \/>\n<meta property=\"og:site_name\" content=\"Lecomte Consultant Attestataire Capacit\u00e9\" \/>\n<meta property=\"article:publisher\" content=\"https:\/\/www.facebook.com\/attestatairecapacite\" \/>\n<meta property=\"article:modified_time\" content=\"2020-02-27T11:28:32+00:00\" \/>\n<meta property=\"og:image\" content=\"https:\/\/i0.wp.com\/www.lecomte-consultant.com\/attestataire-capacite\/wp-content\/uploads\/2018\/04\/Comment-s-installer-gestionnaire-transport.jpg?fit=624%2C354&ssl=1\" \/>\n\t<meta property=\"og:image:width\" content=\"624\" \/>\n\t<meta property=\"og:image:height\" content=\"354\" \/>\n\t<meta property=\"og:image:type\" content=\"image\/jpeg\" \/>\n<meta name=\"twitter:card\" content=\"summary_large_image\" \/>\n<meta name=\"twitter:site\" content=\"@Attestcapa\" \/>\n<meta name=\"twitter:label1\" content=\"Dur\u00e9e de lecture estim\u00e9e\" \/>\n\t<meta name=\"twitter:data1\" content=\"1 minute\" \/>\n<script type=\"application\/ld+json\" class=\"yoast-schema-graph\">{\"@context\":\"https:\\\/\\\/schema.org\",\"@graph\":[{\"@type\":[\"Article\",\"BlogPosting\"],\"@id\":\"https:\\\/\\\/www.lecomte-consultant.com\\\/attestataire-capacite\\\/politique-de-confidentialite\\\/#article\",\"isPartOf\":{\"@id\":\"https:\\\/\\\/www.lecomte-consultant.com\\\/attestataire-capacite\\\/politique-de-confidentialite\\\/\"},\"author\":{\"name\":\"Lecomte JJ\",\"@id\":\"http:\\\/\\\/www.lecomte-consultant.com\\\/attestataire-capacite\\\/#\\\/schema\\\/person\\\/cdaa028a52c4dde46b9490909d4e6218\"},\"headline\":\"Politique de confidentialite\",\"datePublished\":\"2018-12-08T16:32:05+00:00\",\"dateModified\":\"2020-02-27T11:28:32+00:00\",\"mainEntityOfPage\":{\"@id\":\"https:\\\/\\\/www.lecomte-consultant.com\\\/attestataire-capacite\\\/politique-de-confidentialite\\\/\"},\"wordCount\":114,\"publisher\":{\"@id\":\"http:\\\/\\\/www.lecomte-consultant.com\\\/attestataire-capacite\\\/#organization\"},\"inLanguage\":\"fr-FR\"},{\"@type\":\"WebPage\",\"@id\":\"https:\\\/\\\/www.lecomte-consultant.com\\\/attestataire-capacite\\\/politique-de-confidentialite\\\/\",\"url\":\"https:\\\/\\\/www.lecomte-consultant.com\\\/attestataire-capacite\\\/politique-de-confidentialite\\\/\",\"name\":\"Politique de confidentialite Politique de confidentialite\",\"isPartOf\":{\"@id\":\"http:\\\/\\\/www.lecomte-consultant.com\\\/attestataire-capacite\\\/#website\"},\"datePublished\":\"2018-12-08T16:32:05+00:00\",\"dateModified\":\"2020-02-27T11:28:32+00:00\",\"description\":\"Polique de confidentialit\u00e9: respect de la loi Informatique et libert\u00e9 ainsi que conformit\u00e9 au RGPD, d\u00e9sinscription possible \u00e0 tout moment\",\"breadcrumb\":{\"@id\":\"https:\\\/\\\/www.lecomte-consultant.com\\\/attestataire-capacite\\\/politique-de-confidentialite\\\/#breadcrumb\"},\"inLanguage\":\"fr-FR\",\"potentialAction\":[{\"@type\":\"ReadAction\",\"target\":[\"https:\\\/\\\/www.lecomte-consultant.com\\\/attestataire-capacite\\\/politique-de-confidentialite\\\/\"]}]},{\"@type\":\"BreadcrumbList\",\"@id\":\"https:\\\/\\\/www.lecomte-consultant.com\\\/attestataire-capacite\\\/politique-de-confidentialite\\\/#breadcrumb\",\"itemListElement\":[{\"@type\":\"ListItem\",\"position\":1,\"name\":\"Accueil\",\"item\":\"https:\\\/\\\/www.lecomte-consultant.com\\\/attestataire-capacite\\\/\"},{\"@type\":\"ListItem\",\"position\":2,\"name\":\"Politique de confidentialite\"}]},{\"@type\":\"WebSite\",\"@id\":\"http:\\\/\\\/www.lecomte-consultant.com\\\/attestataire-capacite\\\/#website\",\"url\":\"http:\\\/\\\/www.lecomte-consultant.com\\\/attestataire-capacite\\\/\",\"name\":\"Lecomte Consultant Attestataire Capacit\u00e9\",\"description\":\"Assistance : Attestataire Capacit\u00e9 Transport, Entrepreneur Transport\",\"publisher\":{\"@id\":\"http:\\\/\\\/www.lecomte-consultant.com\\\/attestataire-capacite\\\/#organization\"},\"potentialAction\":[{\"@type\":\"SearchAction\",\"target\":{\"@type\":\"EntryPoint\",\"urlTemplate\":\"http:\\\/\\\/www.lecomte-consultant.com\\\/attestataire-capacite\\\/?s={search_term_string}\"},\"query-input\":{\"@type\":\"PropertyValueSpecification\",\"valueRequired\":true,\"valueName\":\"search_term_string\"}}],\"inLanguage\":\"fr-FR\"},{\"@type\":\"Organization\",\"@id\":\"http:\\\/\\\/www.lecomte-consultant.com\\\/attestataire-capacite\\\/#organization\",\"name\":\"LECOMTE SARL\",\"url\":\"http:\\\/\\\/www.lecomte-consultant.com\\\/attestataire-capacite\\\/\",\"logo\":{\"@type\":\"ImageObject\",\"inLanguage\":\"fr-FR\",\"@id\":\"http:\\\/\\\/www.lecomte-consultant.com\\\/attestataire-capacite\\\/#\\\/schema\\\/logo\\\/image\\\/\",\"url\":\"http:\\\/\\\/www.lecomte-consultant.com\\\/attestataire-capacite\\\/wp-content\\\/uploads\\\/2021\\\/07\\\/Logo-JL-M-Coaching-fond-blanc.png\",\"contentUrl\":\"http:\\\/\\\/www.lecomte-consultant.com\\\/attestataire-capacite\\\/wp-content\\\/uploads\\\/2021\\\/07\\\/Logo-JL-M-Coaching-fond-blanc.png\",\"width\":2560,\"height\":2560,\"caption\":\"LECOMTE SARL\"},\"image\":{\"@id\":\"http:\\\/\\\/www.lecomte-consultant.com\\\/attestataire-capacite\\\/#\\\/schema\\\/logo\\\/image\\\/\"},\"sameAs\":[\"https:\\\/\\\/www.facebook.com\\\/attestatairecapacite\",\"https:\\\/\\\/x.com\\\/Attestcapa\",\"https:\\\/\\\/instagram.com\\\/attestatairecapacite\\\/\",\"http:\\\/\\\/www.linkedin.com\\\/in\\\/jeanjosephlecomte\",\"https:\\\/\\\/www.youtube.com\\\/channel\\\/UC-Gh0g6HbnYFaWf5NY8VjOw\",\"https:\\\/\\\/www.youtube.com\\\/c\\\/JeanJosephLECOMTEcoachconsultant\",\"https:\\\/\\\/www.facebook.com\\\/jeanjosephlecomte\",\"https:\\\/\\\/twitter.com\\\/jeanjolecomte\",\"https:\\\/\\\/www.instagram.com\\\/lecomtejeanjoseph\\\/\",\"https:\\\/\\\/www.instagram.com\\\/jeanjosephlecomte\\\/\"]},{\"@type\":\"Person\",\"@id\":\"http:\\\/\\\/www.lecomte-consultant.com\\\/attestataire-capacite\\\/#\\\/schema\\\/person\\\/cdaa028a52c4dde46b9490909d4e6218\",\"name\":\"Lecomte JJ\",\"image\":{\"@type\":\"ImageObject\",\"inLanguage\":\"fr-FR\",\"@id\":\"https:\\\/\\\/secure.gravatar.com\\\/avatar\\\/d2b9f7e39b6c74919907db2089087915f059d76f88bf52bd8dbc83a029a2aa60?s=96&d=mm&r=g\",\"url\":\"https:\\\/\\\/secure.gravatar.com\\\/avatar\\\/d2b9f7e39b6c74919907db2089087915f059d76f88bf52bd8dbc83a029a2aa60?s=96&d=mm&r=g\",\"contentUrl\":\"https:\\\/\\\/secure.gravatar.com\\\/avatar\\\/d2b9f7e39b6c74919907db2089087915f059d76f88bf52bd8dbc83a029a2aa60?s=96&d=mm&r=g\",\"caption\":\"Lecomte JJ\"},\"description\":\"Consultant en Management, Marketing, Transport Coach relationnel Cr\u00e9ateur d'entreprises, Web entrepreneur Manager d'entreprises, Dirigeant Transport Voyageurs, tourisme, marchandises, route, a\u00e9rien Professeur de Marketing, Institut de Chambre de Commerce et d'Industrie et \u00e0 l'AFT, Association de Formation dans les Transport Master en Management Sup\u00e9rieur de L'ICG, Institut Fran\u00e7ais de Gestion Master en Transports Publics, Universit\u00e9 de Paris XII et Tourisme La Sorbonne Nouvelle, Paris\",\"sameAs\":[\"http:\\\/\\\/www.lecomte-consultant.com\",\"https:\\\/\\\/www.facebook.com\\\/lecomtejj\",\"https:\\\/\\\/x.com\\\/attestatairecap\"],\"knowsAbout\":[\"transport\"],\"knowsLanguage\":[\"fran\u00e7ais\"]}]}<\/script>\n<!-- \/ Yoast SEO Premium plugin. -->","yoast_head_json":{"title":"Politique de confidentialite Politique de confidentialite","description":"Polique de confidentialit\u00e9: respect de la loi Informatique et libert\u00e9 ainsi que conformit\u00e9 au RGPD, d\u00e9sinscription possible \u00e0 tout moment","robots":{"index":"index","follow":"follow","max-snippet":"max-snippet:-1","max-image-preview":"max-image-preview:large","max-video-preview":"max-video-preview:-1"},"canonical":"https:\/\/www.lecomte-consultant.com\/attestataire-capacite\/politique-de-confidentialite\/","og_locale":"fr_FR","og_type":"article","og_title":"Blog Transport & Gestionnaire Externe | Lecomte Consultant","og_description":"D\u00e9couvrez nos articles pratiques pour cr\u00e9er une soci\u00e9t\u00e9 de transport, devenir gestionnaire externe et r\u00e9ussir en toute l\u00e9galit\u00e9. Conseils exclusifs de Jean Joseph Lecomte.","og_url":"https:\/\/www.lecomte-consultant.com\/attestataire-capacite\/politique-de-confidentialite\/","og_site_name":"Lecomte Consultant Attestataire Capacit\u00e9","article_publisher":"https:\/\/www.facebook.com\/attestatairecapacite","article_modified_time":"2020-02-27T11:28:32+00:00","og_image":[{"width":624,"height":354,"url":"https:\/\/i0.wp.com\/www.lecomte-consultant.com\/attestataire-capacite\/wp-content\/uploads\/2018\/04\/Comment-s-installer-gestionnaire-transport.jpg?fit=624%2C354&ssl=1","type":"image\/jpeg"}],"twitter_card":"summary_large_image","twitter_site":"@Attestcapa","twitter_misc":{"Dur\u00e9e de lecture estim\u00e9e":"1 minute"},"schema":{"@context":"https:\/\/schema.org","@graph":[{"@type":["Article","BlogPosting"],"@id":"https:\/\/www.lecomte-consultant.com\/attestataire-capacite\/politique-de-confidentialite\/#article","isPartOf":{"@id":"https:\/\/www.lecomte-consultant.com\/attestataire-capacite\/politique-de-confidentialite\/"},"author":{"name":"Lecomte JJ","@id":"http:\/\/www.lecomte-consultant.com\/attestataire-capacite\/#\/schema\/person\/cdaa028a52c4dde46b9490909d4e6218"},"headline":"Politique de confidentialite","datePublished":"2018-12-08T16:32:05+00:00","dateModified":"2020-02-27T11:28:32+00:00","mainEntityOfPage":{"@id":"https:\/\/www.lecomte-consultant.com\/attestataire-capacite\/politique-de-confidentialite\/"},"wordCount":114,"publisher":{"@id":"http:\/\/www.lecomte-consultant.com\/attestataire-capacite\/#organization"},"inLanguage":"fr-FR"},{"@type":"WebPage","@id":"https:\/\/www.lecomte-consultant.com\/attestataire-capacite\/politique-de-confidentialite\/","url":"https:\/\/www.lecomte-consultant.com\/attestataire-capacite\/politique-de-confidentialite\/","name":"Politique de confidentialite Politique de confidentialite","isPartOf":{"@id":"http:\/\/www.lecomte-consultant.com\/attestataire-capacite\/#website"},"datePublished":"2018-12-08T16:32:05+00:00","dateModified":"2020-02-27T11:28:32+00:00","description":"Polique de confidentialit\u00e9: respect de la loi Informatique et libert\u00e9 ainsi que conformit\u00e9 au RGPD, d\u00e9sinscription possible \u00e0 tout moment","breadcrumb":{"@id":"https:\/\/www.lecomte-consultant.com\/attestataire-capacite\/politique-de-confidentialite\/#breadcrumb"},"inLanguage":"fr-FR","potentialAction":[{"@type":"ReadAction","target":["https:\/\/www.lecomte-consultant.com\/attestataire-capacite\/politique-de-confidentialite\/"]}]},{"@type":"BreadcrumbList","@id":"https:\/\/www.lecomte-consultant.com\/attestataire-capacite\/politique-de-confidentialite\/#breadcrumb","itemListElement":[{"@type":"ListItem","position":1,"name":"Accueil","item":"https:\/\/www.lecomte-consultant.com\/attestataire-capacite\/"},{"@type":"ListItem","position":2,"name":"Politique de confidentialite"}]},{"@type":"WebSite","@id":"http:\/\/www.lecomte-consultant.com\/attestataire-capacite\/#website","url":"http:\/\/www.lecomte-consultant.com\/attestataire-capacite\/","name":"Lecomte Consultant Attestataire Capacit\u00e9","description":"Assistance : Attestataire Capacit\u00e9 Transport, Entrepreneur Transport","publisher":{"@id":"http:\/\/www.lecomte-consultant.com\/attestataire-capacite\/#organization"},"potentialAction":[{"@type":"SearchAction","target":{"@type":"EntryPoint","urlTemplate":"http:\/\/www.lecomte-consultant.com\/attestataire-capacite\/?s={search_term_string}"},"query-input":{"@type":"PropertyValueSpecification","valueRequired":true,"valueName":"search_term_string"}}],"inLanguage":"fr-FR"},{"@type":"Organization","@id":"http:\/\/www.lecomte-consultant.com\/attestataire-capacite\/#organization","name":"LECOMTE SARL","url":"http:\/\/www.lecomte-consultant.com\/attestataire-capacite\/","logo":{"@type":"ImageObject","inLanguage":"fr-FR","@id":"http:\/\/www.lecomte-consultant.com\/attestataire-capacite\/#\/schema\/logo\/image\/","url":"http:\/\/www.lecomte-consultant.com\/attestataire-capacite\/wp-content\/uploads\/2021\/07\/Logo-JL-M-Coaching-fond-blanc.png","contentUrl":"http:\/\/www.lecomte-consultant.com\/attestataire-capacite\/wp-content\/uploads\/2021\/07\/Logo-JL-M-Coaching-fond-blanc.png","width":2560,"height":2560,"caption":"LECOMTE SARL"},"image":{"@id":"http:\/\/www.lecomte-consultant.com\/attestataire-capacite\/#\/schema\/logo\/image\/"},"sameAs":["https:\/\/www.facebook.com\/attestatairecapacite","https:\/\/x.com\/Attestcapa","https:\/\/instagram.com\/attestatairecapacite\/","http:\/\/www.linkedin.com\/in\/jeanjosephlecomte","https:\/\/www.youtube.com\/channel\/UC-Gh0g6HbnYFaWf5NY8VjOw","https:\/\/www.youtube.com\/c\/JeanJosephLECOMTEcoachconsultant","https:\/\/www.facebook.com\/jeanjosephlecomte","https:\/\/twitter.com\/jeanjolecomte","https:\/\/www.instagram.com\/lecomtejeanjoseph\/","https:\/\/www.instagram.com\/jeanjosephlecomte\/"]},{"@type":"Person","@id":"http:\/\/www.lecomte-consultant.com\/attestataire-capacite\/#\/schema\/person\/cdaa028a52c4dde46b9490909d4e6218","name":"Lecomte JJ","image":{"@type":"ImageObject","inLanguage":"fr-FR","@id":"https:\/\/secure.gravatar.com\/avatar\/d2b9f7e39b6c74919907db2089087915f059d76f88bf52bd8dbc83a029a2aa60?s=96&d=mm&r=g","url":"https:\/\/secure.gravatar.com\/avatar\/d2b9f7e39b6c74919907db2089087915f059d76f88bf52bd8dbc83a029a2aa60?s=96&d=mm&r=g","contentUrl":"https:\/\/secure.gravatar.com\/avatar\/d2b9f7e39b6c74919907db2089087915f059d76f88bf52bd8dbc83a029a2aa60?s=96&d=mm&r=g","caption":"Lecomte JJ"},"description":"Consultant en Management, Marketing, Transport Coach relationnel Cr\u00e9ateur d'entreprises, Web entrepreneur Manager d'entreprises, Dirigeant Transport Voyageurs, tourisme, marchandises, route, a\u00e9rien Professeur de Marketing, Institut de Chambre de Commerce et d'Industrie et \u00e0 l'AFT, Association de Formation dans les Transport Master en Management Sup\u00e9rieur de L'ICG, Institut Fran\u00e7ais de Gestion Master en Transports Publics, Universit\u00e9 de Paris XII et Tourisme La Sorbonne Nouvelle, Paris","sameAs":["http:\/\/www.lecomte-consultant.com","https:\/\/www.facebook.com\/lecomtejj","https:\/\/x.com\/attestatairecap"],"knowsAbout":["transport"],"knowsLanguage":["fran\u00e7ais"]}]}},"jetpack_sharing_enabled":true,"_links":{"self":[{"href":"https:\/\/www.lecomte-consultant.com\/attestataire-capacite\/wp-json\/wp\/v2\/pages\/2506","targetHints":{"allow":["GET"]}}],"collection":[{"href":"https:\/\/www.lecomte-consultant.com\/attestataire-capacite\/wp-json\/wp\/v2\/pages"}],"about":[{"href":"https:\/\/www.lecomte-consultant.com\/attestataire-capacite\/wp-json\/wp\/v2\/types\/page"}],"author":[{"embeddable":true,"href":"https:\/\/www.lecomte-consultant.com\/attestataire-capacite\/wp-json\/wp\/v2\/users\/1"}],"replies":[{"embeddable":true,"href":"https:\/\/www.lecomte-consultant.com\/attestataire-capacite\/wp-json\/wp\/v2\/comments?post=2506"}],"version-history":[{"count":0,"href":"https:\/\/www.lecomte-consultant.com\/attestataire-capacite\/wp-json\/wp\/v2\/pages\/2506\/revisions"}],"wp:attachment":[{"href":"https:\/\/www.lecomte-consultant.com\/attestataire-capacite\/wp-json\/wp\/v2\/media?parent=2506"}],"curies":[{"name":"wp","href":"https:\/\/api.w.org\/{rel}","templated":true}]}}